y 1/2*2*2?
0
Suppose 179*p - 204*p + 3925 = 0. What is the remainder when p is divided by 95?
62
Let p(h) = h**2 - 5*h - 35. Let q be p(9). Suppose 5*s = 2*w - 21, -3*w - q = 5*s - 95. What is the remainder when 94/2 - 1 - 2 is divided by w?
21
Suppose 32587 + 190291 = 77*p + 29069. Calculate the remainder when p is divided by 210.
207
Let r = -292 + 1033. Calculate the remainder when r is divided by 341/(-132)*9*(-8)/3.
59
Let n = 11007 - 10622. What is the remainder when 1930 is divided by n?
5
Suppose 4*y = -4*s, -4*y + s = -2*y + 3. Let m be (0/(y + 6))/(-1). Suppose m = -z - 4*z + 250. Calculate the remainder when z is divided by 17.
16
Let a be (-164)/(-8)*(2 - 4). Let w = a - -96. Let p = w + -1. Calculate the remainder when p is divided by 7.
5
Calculate the remainder when 9979 is divided by ((-464)/240 + 16/10)/((-4)/372).
28
Suppose -13*c + 16*c - 46 = 5*j, 3*j = 3*c - 54. Calculate the remainder when 168 is divided by c.
14
Let j(m) = m**3 + 76*m**2 + 178*m - 171. What is the remainder when j(-52) is divided by 16?
13
Calculate the remainder when 2/(-5) - 661558/(-670) is divided by 43.
41
Suppose 0 = -i + 2*j + 20, -3*i - 2*i + 3*j = -86. Suppose -i*l + 40 = -11*l. Suppose 16*u = 14*u + l. Calculate the remainder when 34 is divided by u.
2
Calculate the remainder when 5*18/(-300) - (-46030)/100 is divided by 143.
31
Let p(u) = 4*u + 89. Let r be p(-23). What is the remainder when 44 is divided by (19/(-1))/((-6 - r)/3)?
6
Let z(l) = -l - 39. Let b be z(0). Let c = b + 43. Suppose -5*x + c*y + 114 = 0, -3*x = 3*y + 12 - 75. What is the remainder when 65 is divided by x?
21
Suppose 2*t + 8 = 2*b - 4, -5*b = -3*t - 36. Suppose 3216*n = 3213*n + 60. What is the remainder when n is divided by b?
2
Suppose 3*b - 230 = -w, -w + 3*w + 5*b = 456. Let d be (6/(3 + 0))/(6/(-855)). Let a = d + 341. Calculate the remainder when w is divided by a.
50
Suppose 0*g + 20 = 5*g. Suppose -q - g*q + 185 = 0. Let h(s) = -19*s**2 + 135*s + 9. Calculate the remainder when q is divided by h(7).
14
Suppose 195*x - 24 = 193*x. Let l(s) = s**2 - 13*s - 15. Let d be l(13). Calculate the remainder when 4/(x/d) + 24 is divided by 3.
1
Suppose -3*w + 104 + 49 = 0. Let l be ((-5)/(-7))/(5/35). Suppose -l = 3*b + 4, -5*b - 80 = -5*h. What is the remainder when w is divided by h?
12
Let g(o) = -9*o**2 - 298*o - 23. Calculate the remainder when 593 is divided by g(-33).
3
Suppose -539*r + 88 = 5*d - 536*r, -2*d = -3*r - 10. Calculate the remainder when 55 is divided by d.
13
Let n be 4 + 8 - 2*3. Suppose -2*a + h = -n*a + 246, -2*a + 128 = -2*h. Calculate the remainder when a is divided by 9.
8
Suppose -423*n = -42039 - 98397. What is the remainder when n is divided by 1478/22 - (-8)/(-44)?
64
Suppose 11*u + 6 = 14*u. Suppose u*y - 9*y = -693. Calculate the remainder when y is divided by 40.
19
Suppose 1949 = 4*k + 797. Suppose -k*m + 504 = -280*m. What is the remainder when m is divided by 11?
8
Suppose s + 6*s - 49 = 0. Suppose -2*a + 35 = 5*n, 5*a + s + 0 = -2*n. Let u = n - -39. What is the remainder when u is divided by 17?
14
Suppose -1232 = 297*z - 325*z. Let u(v) = 0*v**2 + v + v**2 - 7 + 3*v**2. Calculate the remainder when u(-6) is divided by z.
43
Suppose -5*n + 18 = -2*n, -110 = -2*o - n. Calculate the remainder when 126 is divided by o.
22
Let m = -8061 - -8080. Calculate the remainder when 94 is divided by m.
18
Let i(n) = 11*n**2 + n - 2. Let w = -417375 - -417392. What is the remainder when i(-2) is divided by w?
6
Let s be (4 + -4)/(0 - -1). Suppose s = 13*k + 1102 - 3741. What is the remainder when k is divided by 97?
9
Calculate the remainder when 0 + -12 + 7560/7 is divided by 21.
18
Suppose -508 = 592*s - 614*s + 174. Calculate the remainder when 512 is divided by s.
16
Suppose -303*p + 74 = -302*p. Let r = p - 67. Calculate the remainder when 35 is divided by r.
0
Suppose 2*r + 2*i - 176 = 0, 4*r - i - i = 334. Suppose -141*u = -3*u - 6072. What is the remainder when r is divided by u?
41
Let l(j) = -j**3 + 6*j**2 + 10*j - 1. Suppose -5*y + a + 19 = 5*a, -y + 5*a = -27. Let x(u) = -12*u. What is the remainder when x(-3) is divided by l(y)?
16
Suppose f = -5*p + 546 + 536, 4*p = -2*f + 862. Suppose -5*b = -3*b - 5*z - 93, 6*b - 5*z - 269 = 0. What is the remainder when p is divided by b?
41
Let c = -281 - -284. What is the remainder when 10 is divided by c?
1
Suppose -14*n + 18*n + 4*u = 136, 5*n = 5*u + 210. What is the remainder when 796 is divided by n?
36
Let s = -5392 - -5561. What is the remainder when s is divided by 165?
4
Let m(l) = -6*l + 6*l - 4*l + 50. Let j be m(11). What is the remainder when 166/(-3)*j/(-2) is divided by 21?
19
Let g(t) = -t**3 - t + 8. Let d = 50 - -18. Calculate the remainder when d is divided by g(0).
4
Suppose 5*p - 240 = 2*j, 3*p + 5*j = -0*j + 175. What is the remainder when p is divided by -13 + 176/16 + ((-38)/7)/(62/(-217))?
16
Suppose -4*z + 7*z + 3*n = 0, -5*z - 2*n = -6. Let m(j) = 10*j - 3. What is the remainder when m(z) is divided by 12?
5
Suppose -3*p + 231 = 3*f - 78, f - 109 = -3*p. What is the remainder when f is divided by 1?
0
Let t(k) = -k**3 + 38*k**2 - 117*k + 432. Calculate the remainder when 106 is divided by t(35).
10
Let n(q) = 21*q**3 - 25*q**2 - 54*q**3 + 34*q**3 + 36 + 32*q. Calculate the remainder when n(24) is divided by 23.
21
Let y = -48 - -136. Let x = -6601 + 6625. Calculate the remainder when y is divided by x.
16
Let r = 4141 - 4130. Let a(b) = 29*b**2 + 3*b - 1. What is the remainder when a(-3) is divided by r?
9
Suppose -3*n + 1314 + 67 = 2*o, 0 = o + 5*n - 687. What is the remainder when o is divided by 9?
8
Suppose 61*v - 67*v + 222 = 0. Suppose 0 = -24*i + 29*i - 40. What is the remainder when v is divided by i?
5
Let r(p) = -2*p + 6. Let a be r(3). Suppose a = 4*w + 94 - 150. Let m = 94 + -11. What is the remainder when m is divided by w?
13
Let z(q) = -q**3 + 6*q**2 - 7*q + 4. Suppose 342*g - 333*g - 1665 = 0. Suppose -3 = 14*c - g. What is the remainder when c is divided by z(4)?
5
Let y = -82 - 385. Let u = y - -492. Calculate the remainder when 220 is divided by u.
20
Suppose -5*x + 3 = -2*k, 0 = -3*k + 12*x - 7*x - 7. Let i(a) = 3*a**3 + 13*a**2 + 5. Calculate the remainder when 881 is divided by i(k).
20
Suppose -15*i + 42*i - 8943 = 62094. Calculate the remainder when i is divided by 88.
79
Let c(z) = z**3 + 5*z**2 - 3*z - 4. Let d = -34 + 31. What is the remainder when c(d) is divided by 14*(-1)/4*-2?
2
Suppose -39 = -2*k + k. Suppose 186165 = 297*p - 76*p + 48703. Calculate the remainder when p is divided by k.
37
What is the remainder when 10 - (-4490)/15*(-144)/(-96) is divided by ((-22)/(-3))/((-3)/(-9))?
19
Suppose -2*t - 5*c + 136 = -3*c, 0 = c. Calculate the remainder when 212 is divided by t.
8
Suppose 6140 - 380 = 36*i. Calculate the remainder when 1250 is divided by i.
130
Let m be (-1914)/(-6)*1 - -5. Let t = -308 + m. What is the remainder when 73 is divided by t?
9
Suppose -1896 - 408 = -8*k. Suppose 290*y - k*y - 36 = 0. Calculate the remainder when 53 is divided by y.
17
Suppose -9*z = -10*z + 6, 5*z + 78 = 3*n. Calculate the remainder when 66 is divided by n.
30
Let v(m) = -m**2 + 18*m + 15. Suppose 3*x = -3*n + 570, 4*n + 31*x - 29*x = 750. What is the remainder when n is divided by v(16)?
44
Let c(x) = 2*x - 1. Let i be c(0). Suppose 2*j + 108 = 11*j. What is the remainder when 1190/10 + i + 1 is divided by j?
11
Let o(a) = 48*a**2 - 843*a + 841. Suppose d + 55 = 6*d. Calculate the remainder when o(1) is divided by d.
2
Let q = -24 - -75. Let k be (12/(-17))/(-6) + (-1634)/17. Let p = 116 + k. What is the remainder when q is divided by p?
11
Suppose 5*q = 0, 4*l - q = 9*l - 0*q - 8490. What is the remainder when l is divided by 20?
18
Let f(s) = s**3 - s**2 + 4*s - 3. Suppose 2*j + 0*c + 3*c = -982, 2*j = -2*c - 978. Calculate the remainder when j/(((-200)/10)/4) is divided by f(2).
7
Let l be (-2)/6*0 + -3 + 14. Let y = -11 + l. Let m(w) = w**3 - 2*w**2 + 78. Calculate the remainder when m(y) is divided by 40.
38
Let t(r) = -538*r - 3145. Suppose 2*a - w - 42 = -0*a, 2*w - 8 = 0. What is the remainder when t(-6) is divided by a?
14
Let c = 7686 + -7401. Calculate the remainder when c is divided by 50.
35
Suppose -362*w + 400*w - 2726 = 846